{"id":49,"date":"2017-02-27T15:16:29","date_gmt":"2017-02-27T15:16:29","guid":{"rendered":"http:\/\/www.ecolecognition.com\/?page_id=49"},"modified":"2023-05-14T07:21:02","modified_gmt":"2023-05-14T07:21:02","slug":"temps-complet-ou-complementaire","status":"publish","type":"page","link":"https:\/\/www.ecolecognition.com\/en\/les-classes\/temps-complet-ou-complementaire\/","title":{"rendered":"Full-time or complementary"},"content":{"rendered":"<span style=\"color: #bf000a;\">DUAL SCHOOLING<\/span><\/p>\n<p>We are the first official public school to have obtained the right of dual schooling with the public service. This right represents a great change for families who can now join our school in addition to the public school with a supervision rate of up to 50% of the schooling.<\/p>\n<p><span style=\"color: #bf000a;\">FRAMEWORK CONDITIONS<br \/>\n<\/span><\/p>\n<p>The pupil must have been granted a reinforced special education measure by the SPS (Service de la p\u00e9dagogie sp\u00e9cialis\u00e9e)<\/p>\n<p>The pupil must have a greater or predominant interest in an adjustment of his or her school career by benefiting from another service that he or she could not obtain within the special education structure because of his or her specific needs<\/p>\n<p>The educational benefit may not exceed half of the teaching benefit.<\/p>\n<p>The request for school adaptation must be made by the legal guardians. This service is complementary to that of the public service.<\/p>\n<p>The parents send their request to the DESI (Directeur\/trice d&#8217;\u00e9tablissement sp\u00e9cialis\u00e9 et d&#8217;int\u00e9gration) as the school authority responsible for the pupil&#8217;s progress and must formally validate the request.<\/p>\n<p>At the pedagogical level, a collaboration agreement between the OMP (Office m\u00e9dico-p\u00e9dagogique) and the management of the public school concerned must be signed.<\/p>\n<p>The parents send their request to the DESI as the school authority responsible for the pupil&#8217;s progress and must formally validate the request.<\/p>\n<p>At the pedagogical level, a collaboration agreement between the OMP and the management of the public school concerned must be signed.<\/p>\n<p><span style=\"color: #bf000a;\">FULL-TIME OR COMPLEMENTARY PROGRAMME\u00a0<\/span><\/p>\n<p>Our classes welcome children during the school year. Attendance can be full-time or complementary, at a minimum of 6h\/week. Collaboration is possible with both public and private sectors. The programme carried out in our school is a complementary follow-up requested by the family in order to integrate cognitive-based intervention in the child\u2019s care.<\/p>\n<p>In recent years, a significant number of children have benefited from this programme much to the satisfaction of their families and educational teams.","protected":false},"excerpt":{"rendered":"<p>DUAL SCHOOLING We are the first official public school to have obtained the right of dual schooling with the public service. This right represents a great change for families who can now join our school in addition to the public school with a supervision rate of up to 50% of\u2026<\/p>\n<p class=\"continue-reading-button\"> <a class=\"continue-reading-link\" href=\"https:\/\/www.ecolecognition.com\/en\/les-classes\/temps-complet-ou-complementaire\/\">Continue reading<i class=\"crycon-right-dir\"><\/i><\/a><\/p>\n","protected":false},"author":1,"featured_media":0,"parent":45,"menu_order":4,"comment_status":"closed","ping_status":"closed","template":"","meta":[],"yoast_head":"<!-- This site is optimized with the Yoast SEO plugin v14.7 - https:\/\/yoast.com\/wordpress\/plugins\/seo\/ -->\n<title>Full-time or complementary - Ecole cognition Gen\u00e8ve<\/title>\n<meta name=\"robots\" content=\"index, follow\" \/>\n<meta name=\"googlebot\" content=\"index, follow, max-snippet:-1, max-image-preview:large, max-video-preview:-1\" \/>\n<meta name=\"bingbot\" content=\"index, follow, max-snippet:-1, max-image-preview:large, max-video-preview:-1\" \/>\n<link rel=\"canonical\" href=\"https:\/\/www.ecolecognition.com\/les-classes\/temps-complet-ou-complementaire\/\" \/>\n<meta property=\"og:locale\" content=\"en_US\" \/>\n<meta property=\"og:type\" content=\"article\" \/>\n<meta property=\"og:title\" content=\"[:fr]Double scolarit\u00e9[:en]Full-time or complementary[:] - Ecole cognition Gen\u00e8ve\" \/>\n<meta property=\"og:description\" content=\"DUAL SCHOOLING We are the first official public school to have obtained the right of dual schooling with the public service. This right represents a great change for families who can now join our school in addition to the public school with a supervision rate of up to 50% of\u2026 Continue reading\" \/>\n<meta property=\"og:url\" content=\"https:\/\/www.ecolecognition.com\/les-classes\/temps-complet-ou-complementaire\/\" \/>\n<meta property=\"og:site_name\" content=\"Ecole cognition Gen\u00e8ve\" \/>\n<meta property=\"article:modified_time\" content=\"2023-05-14T07:21:02+00:00\" \/>\n<meta name=\"twitter:card\" content=\"summary\" \/>\n<script type=\"application\/ld+json\" class=\"yoast-schema-graph\">{\"@context\":\"https:\/\/schema.org\",\"@graph\":[{\"@type\":\"WebSite\",\"@id\":\"https:\/\/www.ecolecognition.com\/en\/#website\",\"url\":\"https:\/\/www.ecolecognition.com\/en\/\",\"name\":\"Ecole cognition Gen\\u00e8ve\",\"description\":\"\",\"potentialAction\":[{\"@type\":\"SearchAction\",\"target\":\"https:\/\/www.ecolecognition.com\/en\/?s={search_term_string}\",\"query-input\":\"required name=search_term_string\"}],\"inLanguage\":\"en-US\"},{\"@type\":\"WebPage\",\"@id\":\"https:\/\/www.ecolecognition.com\/les-classes\/temps-complet-ou-complementaire\/#webpage\",\"url\":\"https:\/\/www.ecolecognition.com\/les-classes\/temps-complet-ou-complementaire\/\",\"name\":\"[:fr]Double scolarit\\u00e9[:en]Full-time or complementary[:] - Ecole cognition Gen\\u00e8ve\",\"isPartOf\":{\"@id\":\"https:\/\/www.ecolecognition.com\/en\/#website\"},\"datePublished\":\"2017-02-27T15:16:29+00:00\",\"dateModified\":\"2023-05-14T07:21:02+00:00\",\"inLanguage\":\"en-US\",\"potentialAction\":[{\"@type\":\"ReadAction\",\"target\":[\"https:\/\/www.ecolecognition.com\/les-classes\/temps-complet-ou-complementaire\/\"]}]}]}<\/script>\n<!-- \/ Yoast SEO plugin. -->","_links":{"self":[{"href":"https:\/\/www.ecolecognition.com\/en\/wp-json\/wp\/v2\/pages\/49"}],"collection":[{"href":"https:\/\/www.ecolecognition.com\/en\/wp-json\/wp\/v2\/pages"}],"about":[{"href":"https:\/\/www.ecolecognition.com\/en\/wp-json\/wp\/v2\/types\/page"}],"author":[{"embeddable":true,"href":"https:\/\/www.ecolecognition.com\/en\/wp-json\/wp\/v2\/users\/1"}],"replies":[{"embeddable":true,"href":"https:\/\/www.ecolecognition.com\/en\/wp-json\/wp\/v2\/comments?post=49"}],"version-history":[{"count":15,"href":"https:\/\/www.ecolecognition.com\/en\/wp-json\/wp\/v2\/pages\/49\/revisions"}],"predecessor-version":[{"id":804,"href":"https:\/\/www.ecolecognition.com\/en\/wp-json\/wp\/v2\/pages\/49\/revisions\/804"}],"up":[{"embeddable":true,"href":"https:\/\/www.ecolecognition.com\/en\/wp-json\/wp\/v2\/pages\/45"}],"wp:attachment":[{"href":"https:\/\/www.ecolecognition.com\/en\/wp-json\/wp\/v2\/media?parent=49"}],"curies":[{"name":"wp","href":"https:\/\/api.w.org\/{rel}","templated":true}]}}

<span style="color: #bf000a;">DUAL SCHOOLING</span></p>
<p>We are the first official public school to have obtained the right of dual schooling with the public service. This right represents a great change for families who can now join our school in addition to the public school with a supervision rate of up to 50% of the schooling.</p>
<p><span style="color: #bf000a;">FRAMEWORK CONDITIONS<br />
</span></p>
<p>The pupil must have been granted a reinforced special education measure by the SPS (Service de la pédagogie spécialisée)</p>
<p>The pupil must have a greater or predominant interest in an adjustment of his or her school career by benefiting from another service that he or she could not obtain within the special education structure because of his or her specific needs</p>
<p>The educational benefit may not exceed half of the teaching benefit.</p>
<p>The request for school adaptation must be made by the legal guardians. This service is complementary to that of the public service.</p>
<p>The parents send their request to the DESI (Directeur/trice d&#8217;établissement spécialisé et d&#8217;intégration) as the school authority responsible for the pupil&#8217;s progress and must formally validate the request.</p>
<p>At the pedagogical level, a collaboration agreement between the OMP (Office médico-pédagogique) and the management of the public school concerned must be signed.</p>
<p>The parents send their request to the DESI as the school authority responsible for the pupil&#8217;s progress and must formally validate the request.</p>
<p>At the pedagogical level, a collaboration agreement between the OMP and the management of the public school concerned must be signed.</p>
<p><span style="color: #bf000a;">FULL-TIME OR COMPLEMENTARY PROGRAMME </span></p>
<p>Our classes welcome children during the school year. Attendance can be full-time or complementary, at a minimum of 6h/week. Collaboration is possible with both public and private sectors. The programme carried out in our school is a complementary follow-up requested by the family in order to integrate cognitive-based intervention in the child’s care.</p>
<p>In recent years, a significant number of children have benefited from this programme much to the satisfaction of their families and educational teams.

<!-- This site is optimized with the Yoast SEO plugin v14.7 - https://yoast.com/wordpress/plugins/seo/ -->
<title>Full-time or complementary - Ecole cognition Genève</title>
<meta name="robots" content="index, follow" />
<meta name="googlebot" content="index, follow, max-snippet:-1, max-image-preview:large, max-video-preview:-1" />
<meta name="bingbot" content="index, follow, max-snippet:-1, max-image-preview:large, max-video-preview:-1" />
<link rel="canonical" href="https://www.ecolecognition.com/les-classes/temps-complet-ou-complementaire/" />
<meta property="og:locale" content="en_US" />
<meta property="og:type" content="article" />
<meta property="og:title" content="[:fr]Double scolarité[:en]Full-time or complementary[:] - Ecole cognition Genève" />
<meta property="og:description" content="DUAL SCHOOLING We are the first official public school to have obtained the right of dual schooling with the public service. This right represents a great change for families who can now join our school in addition to the public school with a supervision rate of up to 50% of… Continue reading" />
<meta property="og:url" content="https://www.ecolecognition.com/les-classes/temps-complet-ou-complementaire/" />
<meta property="og:site_name" content="Ecole cognition Genève" />
<meta property="article:modified_time" content="2023-05-14T07:21:02+00:00" />
<meta name="twitter:card" content="summary" />
<script type="application/ld+json" class="yoast-schema-graph">{"@context":"https://schema.org","@graph":[{"@type":"WebSite","@id":"https://www.ecolecognition.com/en/#website","url":"https://www.ecolecognition.com/en/","name":"Ecole cognition Gen\u00e8ve","description":"","potentialAction":[{"@type":"SearchAction","target":"https://www.ecolecognition.com/en/?s={search_term_string}","query-input":"required name=search_term_string"}],"inLanguage":"en-US"},{"@type":"WebPage","@id":"https://www.ecolecognition.com/les-classes/temps-complet-ou-complementaire/#webpage","url":"https://www.ecolecognition.com/les-classes/temps-complet-ou-complementaire/","name":"[:fr]Double scolarit\u00e9[:en]Full-time or complementary[:] - Ecole cognition Gen\u00e8ve","isPartOf":{"@id":"https://www.ecolecognition.com/en/#website"},"datePublished":"2017-02-27T15:16:29+00:00","dateModified":"2023-05-14T07:21:02+00:00","inLanguage":"en-US","potentialAction":[{"@type":"ReadAction","target":["https://www.ecolecognition.com/les-classes/temps-complet-ou-complementaire/"]}]}]}</script>
<!-- / Yoast SEO plugin. -->
